118*l - 48. List the prime factors of w(-3).
2, 3, 19, 29
Suppose 0 = 3*t - n - 44, -2*n = t + 9 - 19. Let a = -49 + 85. Let u = a - t. What are the prime factors of u?
2, 11
Suppose 88 - 53 = 5*n. Let h(a) = -a**3 - a**2 - a + 2. Let t be h(-2). Suppose t*b - 45 = n*b. List the prime factors of b.
3, 5
List the prime factors of (-5325)/(-7) + 5/280*16.
761
Let f = -216 + 414. Let s = f + -102. What are the prime factors of s?
2, 3
Suppose -732*h + 2024 = -724*h. List the prime factors of h.
11, 23
Let j = 125 + -74. Suppose m + 2*d = -d + j, -4*m + 284 = -4*d. What are the prime factors of m?
2, 3, 11
Suppose -5*y - 4*j = -18, 0*y - 3*y = -5*j + 4. Suppose -7*v + y*v - 48 = -f, v = -4. What are the prime factors of f?
2, 7
Let q(a) = 12*a - 2. Let p be q(2). Suppose -4*c - c - o - 80 = 0, -3*o - 48 = 3*c. Let t = c + p. What are the prime factors of t?
2, 3
Let m = 1162 + 180. What are the prime factors of m?
2, 11, 61
Suppose 15 = -2*d - 3*d. Let x be (-6)/(-1)*(d - -2). Let g(p) = -11*p - 3. List the prime factors of g(x).
3, 7
Let g = -4141 - -5852. What are the prime factors of g?
29, 59
Let u(h) = 28*h + 105. What are the prime factors of u(5)?
5, 7
Let a(d) = -21*d + 12. Let o be a(18). Let y = 534 + o. Suppose -y = -2*q - q. List the prime factors of q.
2, 7
Let c = -95 + 427. List the prime factors of c.
2, 83
Let h(y) = -6*y - 47. List the prime factors of h(-39).
11, 17
Suppose 5*c + 3*l = -27, -5*c - 7 = l - 3*l. Let f = 1 - c. Suppose 2*u = 4*k + 3*u - 180, 2*u = -f*k + 180. List the prime factors of k.
3, 5
Let j(q) = 162*q + 163. What are the prime factors of j(22)?
3727
Let s be ((-6)/4)/(10/(-60))*-1. Let i(g) = -2*g + 18. What are the prime factors of i(s)?
2, 3
Let t be ((-5)/(50/55))/((-1)/2). Suppose -t*d - 21 = -406. What are the prime factors of d?
5, 7
Suppose -20026 = -12*w + 86. List the prime factors of w.
2, 419
List the prime factors of (-4404)/20*70/(-21).
2, 367
Let m(t) = t**3 + 3*t**2 - 3*t - 12. Let o be m(5). Suppose -b + o = -47. Suppose 95 = 7*q - b. What are the prime factors of q?
3, 5
Let v be (-28 + 31)*52/6. List the prime factors of 4/v - 77652/(-234).
2, 83
Let d be (-28)/(2 - -2) + 0. List the prime factors of 15/(-2 - d/3).
3, 5
Let d(t) = -t**3 + 2*t**2 + 6*t - 7. Let k be d(3). Suppose -7*x = -2*x - k*p - 109, 78 = 3*x + 3*p. List the prime factors of x.
23
Suppose 4*b - 4*z = -5371 + 29623, -4*b - z = -24232. What are the prime factors of b?
73, 83
Suppose 4*k + 15 = k. List the prime factors of 2*74*k/(-20).
37
Let q(a) = -a**3 + 2*a**2 + 2*a + 3. Let l be q(3). Suppose 21*g + 709 = 2284. Suppose 3*k = -3*x + g, l = -4*k + x + 95 + 5. What are the prime factors of k?
5
Let y = 8 - -64. Suppose 11*r - 12*r = -y. List the prime factors of r.
2, 3
Let q be ((-3)/4)/(24/(-64)). Suppose 15 = -3*n - q*n. List the prime factors of n/(0 + 12/(-44)).
11
Suppose -2*g + 40 = 2*t, 17 + 9 = t + 3*g. List the prime factors of (-12)/(-102) + 950/t.
2, 7
Suppose -25*c + 7*c = -29340. What are the prime factors of c?
2, 5, 163
Let r(n) = 1. Let g(t) = -t**2 - 2*t - 9. Suppose 4*d = -2*k, -10 = 3*k + k + 3*d. Let u(i) = k*r(i) - g(i). What are the prime factors of u(-6)?
29
Let j(h) be the second derivative of h**3/6 + 7*h**2/2 + 2*h. Let v be j(7). What are the prime factors of -1*14*(-7)/v?
7
Let f be -3 + -3 + -1*2. Let b(n) = n**2 - 9*n + 9. Let o be b(6). What are the prime factors of (o - f)*(-1 + -5)?
2, 3
Let q(u) = u**2 + 2*u - 51. List the prime factors of q(11).
2, 23
What are the prime factors of (-9)/(-54)*54*(-161)/(-3)?
3, 7, 23
Let u(i) = 2*i + 19. Let x = 39 + -44. What are the prime factors of u(x)?
3
Let m(u) = 20 - 71*u**2 + 40*u**2 - 19*u + 43*u**2 - u**3. List the prime factors of m(10).
2, 3, 5
Let k = -1609 + 4464. List the prime factors of k.
5, 571
Suppose 0 = t + 1 - 20. Let o = t - -56. What are the prime factors of o?
3, 5
Let x = 140 + -136. List the prime factors of (-1 - (0 - -4))*(3 - x).
5
Let f(t) = 26*t**2 + 12*t - 55. List the prime factors of f(4).
409
Suppose j - 20 = -j. Let r = j - -8. Let o = 36 - r. List the prime factors of o.
2, 3
Let k = -17 + 15. Let i be 3 + -4 - (-1 + k). Suppose 4*s + i*v = 7*v + 207, -3*s + 154 = -5*v. What are the prime factors of s?
53
Suppose 5340 = 7*t - 7414. List the prime factors of t.
2, 911
Let y(o) = -14 + 16 + 3*o - 24*o. What are the prime factors of y(-3)?
5, 13
Suppose 4*d - 14 = 2*t, -t - 13 = -4*d + 2*t. Suppose -o + m = d*m - 26, 5*m + 189 = 4*o. List the prime factors of o.
41
What are the prime factors of (-6)/(-9) - (-7293)/117?
3, 7
Suppose 12*q - 8*q - 112 = 0. Suppose -5*x + x = -q. Let p = 17 + x. List the prime factors of p.
2, 3
Let v(a) = -1 + 31*a**2 - 2*a - a - 2*a. List the prime factors of v(-2).
7, 19
Let u = 94 - 41. Suppose -2*r + 31 + u = 0. Let n = r - 13. What are the prime factors of n?
29
Let a be (3/(-6))/(2/24). Let c be 1/((-9)/a - 2). List the prime factors of c/(-9) + (-744)/(-54).
2, 7
Let p be ((-46)/6 + 8)*-9. Let i(b) = -3*b. Let h be i(2). List the prime factors of 11 - 4/h*p.
3
Let m be (-4)/18*-12*33. Let b = -45 + m. What are the prime factors of b?
43
Suppose t + 0*t - 24 = 0. Let c be (-2)/(-4) - (-204)/t. Suppose -c*a + 31 = -8*a. What are the prime factors of a?
31
What are the prime factors of -7 - 63*(-63)/9?
2, 7, 31
Let z(n) = -2*n**3 + n**2 + 2*n + 1. Let c be z(-1). Let t = -516 - -516. Suppose -c*l + 0*l + 134 = t. What are the prime factors of l?
67
Let z = -15 - -15. Suppose 3*q + 3*o - 66 = -0*q, z = 5*q - 5*o - 160. List the prime factors of q.
3
Let u be (3 - -1) + (2 - 1). Suppose 5 = u*v, v + 286 = -4*t + 15. What are the prime factors of t/(-18) - (-2)/9?
2
Let b(k) = 83*k + 227. What are the prime factors of b(7)?
2, 101
Suppose 0 = 5*y - q - 4761, 0 = -4*y + 4*q + 4582 - 786. Suppose -y = -2*a - a + 2*s, 2*a - 642 = -2*s. What are the prime factors of a?
11, 29
Suppose 3*w - 18 = d, -d + 2*w - 26 = -3*w. List the prime factors of (2555/10)/7 - (-3)/d.
2, 3
Let p(x) = 87*x**2 - 4*x + 5. Let k be p(2). Suppose 0 = -5*r + 2*r + k. Let v = r - 79. What are the prime factors of v?
2, 3
Let n(c) = 5 + 8*c - 13 - 8 + 2*c**2. Let w be 2/(-10) + (-195)/25. What are the prime factors of n(w)?
2, 3
Suppose 0 = 2*o - 4*o - 20. Let p(d) = d + 14. Let y be p(o). Suppose 4*g + 20 = 0, 2*g + 195 = y*i + 3*g. What are the prime factors of i?
2, 5
Let q(d) = d**3 + 10*d**2 - 25*d - 41. What are the prime factors of q(9)?
19, 67
Suppose -4*a + 3*k = -101, a - 3*k = 2*a - 29. Let l = 45 - a. Suppose 0 = 3*i - 2*i - l. What are the prime factors of i?
19
Let k be 3/(3/(-8)) - -2. Let v(o) = -7*o**2 - 7. Let s(r) = -8*r**2 - 6. Let t(q) = k*s(q) + 5*v(q). What are the prime factors of t(-1)?
2, 7
Let u(s) = s**3 + 7*s**2 - 7*s + 3. Let f be u(-6). Suppose -f = -2*a - r, 4*a - 3*r = 5*a - 38. List the prime factors of a.
41
Suppose 191*l - 164*l - 8343 = 0. List the prime factors of l.
3, 103
Suppose -4*w + 0*w + 32 = 0. Let u = 24 - w. What are the prime factors of u?
2
Suppose 0 = -5*d + 2*d + 9. Suppose -2*a = -d*a - 1. Let b(c) = -32*c - 3. List the prime factors of b(a).
29
Let f be (54/36)/(6/(-64)). Let d = f + 78. List the prime factors of d.
2, 31
List the prime factors of 16244/16 - (-6)/8.
2, 127
Let m = -34 - -52. Let t be 24/m + (-100)/(-6). Suppose b = 20 + t. List the prime factors of b.
2, 19
Let n be 4/5 - (1 + 6672/15). List the prime factors of (n/25)/(2/(-10)).
89
Let v = -46 - -96. Suppose 0 = p - v - 5. What are the prime factors of p?
5, 11
Let o be 182/(-28) - 2/(-4). Let k = 9 + o. List the prime factors of 3/k + (-36)/(-1).
37
Let a = 1936 + -1351. What are the prime factors of a?
3, 5, 13
Suppose 5*f - 5*b + 0*b - 95 = 0, 0 = f + b - 13. List the prime factors of (86/8)/(4/f).
43
Suppose -10 = 5*i, -2*c = 2*i - 3*i - 104. Let g = c - 19. List the prime factors of g.
2
Suppose 25 = 2*v + 1. Suppose -v*s - 1424 = -16*s. List the prime factors of s.
2, 89
Suppose 0 = 3*h + 5*l, h - 20 = 3*l - 6. Suppose -5*g + h*v + 935 = 0, g - 4*g + 4*v + 563 = 0. List the prime factors of g.
5, 37
Let l = 999 - 562. What are the prime factors of l?
19, 23
Suppose -7*w - 441 = 2*w. List the prime factors of (6 - (-308)/w) + (-970)/(-14).
3, 23
Let l(h) = 194*h**2 + 22*h - 61. List t